 76945 = 3*a, -11*a - 76952 = -4*r - 7*a. What is the thousands digit of r?
9
Suppose -8709 = -c + s, 5*c + 3*s - 25291 = 18254. What is the tens digit of c?
0
Let h = 59525 + -32241. What is the ten thousands digit of h?
2
Suppose -7*d + 422 = 121. Suppose -d*g = 13*g - 80024. What is the units digit of g?
9
Suppose -2*f + 4*u + 15 = 3*f, -4*f + 12 = 5*u. Suppose -960 = -3*a - 3*q + 552, 0 = -f*a + 4*q + 1505. What is the hundreds digit of a?
5
Suppose 0*p = 2*p - 140. Let g = -34 + p. Suppose -35*y - 68 = -g*y. What is the units digit of y?
8
Let y(l) = -2*l**2 - 13*l + 5. Let u be y(-6). Let t(o) = -o**2 + 10*o + 7. Let a be t(u). What is the tens digit of 3/1 - (-152 + a)?
5
Let a be (22/5)/(-2 + 3411/1710). Let f = -198 - a. What is the tens digit of f?
3
Suppose -5 = 3*q - 4*z + 2, -3*q - z + 13 = 0. What is the units digit of q?
3
Let d(b) be the second derivative of -b**3/3 - 27*b**2/2 + 5*b. Let j be d(-16). Suppose -i + 4*z = -120, 2*z = -j*i - 96 + 718. What is the tens digit of i?
2
Suppose 4*b = 0, 5*p + 467 = -b + 137. Let m = 498 + p. What is the units digit of m?
2
Suppose 3*r - 23611 = -r + 29213. What is the hundreds digit of r?
2
Let n(s) = 8*s**2 - 12*s + 6. Let y be n(2). Suppose -12063 = -y*z + 3897. What is the units digit of z?
0
Suppose 14*m - 9 = 11*m. Suppose -2*f - 27 = -m*s, -5 - 1 = -3*s - 5*f. Suppose -5*b - s*b + 1704 = 0. What is the hundreds digit of b?
1
Suppose 2643 = 27*t - 30. What is the tens digit of 66/t*431*3?
6
Let z(u) = 1412*u**3 - u**2 + 41*u - 72. What is the ten thousands digit of z(2)?
1
What is the tens digit of (-904302)/(-154) - (5/(-11))/(-5)?
7
Let m be -5 + -1 - -1 - -1303. Let l = m + -603. What is the tens digit of l?
9
Suppose -2*v = -3*h + h - 40, h = -v + 10. What is the units digit of v + 0*(-5)/20?
5
Let j(p) = -953*p + 3821. What is the units digit of j(-9)?
8
Let f = 25192 + -14429. What is the thousands digit of f?
0
Let a = 113 - 174. Let i = a - -63. What is the units digit of i?
2
Let w be (-2 + 0 - 0) + 68. Suppose -4*y + 270 = w. Suppose y = 8*h - 21. What is the units digit of h?
9
Let k = -138 + 84. Let y = k + 406. Suppose -146 = -6*r + y. What is the units digit of r?
3
Suppose 0 = -3*f + 6 + 9, o = 2*f - 1. Suppose 10*k - 41 = o. Suppose k*w - 1173 = -293. What is the units digit of w?
6
Let f be 2245/55 - 6/(-33). Let t = -41 + f. Suppose t = m - 6*m + 25. What is the units digit of m?
5
What is the hundreds digit of (-11046)/4*3330/(-1295)?
1
What is the units digit of (-8)/((-11)/((-17292)/(-48)))?
2
Let s = -47 + 72. Suppose 0*b = 5*b - s. Suppose b*i - 792 = -i. What is the tens digit of i?
3
Suppose 5*u + 0*b - 727 = -b, 3*b + 155 = u. Let c = u - 84. Let w = c - -120. What is the units digit of w?
2
Suppose -2*k - 5*v + 4266 = 0, -4*k - 2*v + 5984 = -2564. Suppose k = 16*q - 3078. What is the units digit of q?
6
Let s(u) = -u**3 - 2*u**2 + 5*u - 4. Let w(o) = -2*o**3 - 3*o**2 + 10*o - 8. Let r(q) = 5*s(q) - 3*w(q). What is the hundreds digit of r(6)?
1
Suppose 3*m + 1 = 4*r - 0*m, 2*r + m - 3 = 0. Let z(s) = s - 4. Let p be z(r). What is the units digit of 37/(p*3/(-9))?
7
Let i(w) = w**3 + 18*w**2 + 71*w - 21. Let k be i(-12). Let m(q) = -q**3 + q**2 + 31*q + 4. What is the hundreds digit of m(k)?
5
Let l be 24/16*(-368)/4. Let x = l - -549. What is the units digit of x?
1
Suppose q = -1 + 4. Suppose l = -q*r + 14, 3*r - 1 = l - 3. What is the units digit of 118 - (-12)/l*2?
1
Let c = 15 - 13. Let l(p) = 58*p - 15. Let r(j) = -57*j + 14. Let u(k) = -4*l(k) - 5*r(k). What is the units digit of u(c)?
6
Let l(u) = -42*u + 1987. What is the hundreds digit of l(-25)?
0
Suppose -4*b = -3*m + 64211, 12*m - 21407 = 11*m + 2*b. What is the hundreds digit of m?
3
Let u(a) = 18*a**2 + 2*a + 2. Let q be u(-1). Suppose -15*f = -q*f. Suppose -10*c + 380 = -f*c. What is the units digit of c?
8
What is the units digit of ((-48932)/(-39) - -2)*(0 - (-228)/8)?
5
Let k(t) be the third derivative of t**5/60 - t**4/24 + t**3/6 - 9*t**2. Let z be k(-1). Suppose 0 = z*f + f - 68. What is the units digit of f?
7
Suppose 1168 = 8*o + 51 - 1363. What is the units digit of o?
0
Suppose 10*l - 5*l = 10. Suppose 4*z = 0, -l*s - s + 9 = 3*z. Suppose s*v - 82 = 4*b - 354, 3*v - 136 = -2*b. What is the units digit of b?
8
Suppose -1464 = 6*x - 14*x. Suppose -b + 3*j + x = 0, 0 = 9*b - 4*b + 3*j - 969. What is the units digit of b?
2
Suppose 958*q - 968*q = -187340. What is the thousands digit of q?
8
Suppose -4*m - 4*m - 16 = 0. What is the units digit of 1/(m - 2475/(-1233))?
7
Let l = 2 + 5. Let o be (504/(-108))/((-2)/12). Let z = o + l. What is the units digit of z?
5
Let v = 174 - -442. Suppose v = d + r, 5*r = 2*d - 223 - 1009. What is the hundreds digit of d?
6
Suppose -2004 = -6*i + 26202. What is the hundreds digit of i?
7
Suppose 5*h + 10 = -9*r + 4*r, -5*r = h + 18. Suppose h*c = 1871 + 211. What is the hundreds digit of c?
0
Let p(o) = -24*o**2 - o - 2. Let b be p(2). Let w = 1517 + -1579. Let j = w - b. What is the units digit of j?
8
What is the tens digit of 2/(-42)*-6 + ((-1443640)/14)/(-10)?
1
Let s(d) = -110*d + 65. Let y be s(-5). Let f = 399 + y. What is the units digit of f?
4
Suppose -5*c + 138565 = 5*j, -71*c + 67*c = -5*j + 138529. What is the tens digit of j?
0
Let p = 547 - -3085. What is the hundreds digit of p?
6
What is the thousands digit of 15803 - 21/((-189)/153)?
5
Suppose -537 = -3*p - 5*z + 455, -3*p + 2*z = -985. Suppose -335*o + 2940 = -p*o. What is the tens digit of o?
9
Suppose 18*o + 6*o = -17*o + 162975. What is the tens digit of o?
7
Let a(p) = -4*p**3 + p**2 + 7*p + 8. Suppose -8*k - 4*b - 4 = -4*k, 3 = 3*k + 5*b. What is the units digit of a(k)?
2
Suppose -142*a + 1210198 + 111940 = -233330. What is the tens digit of a?
5
Let p(x) = x**3 + x**2 + 3*x - 2. Suppose -147 = 5*j - 12*j. Let b = -17 + j. What is the tens digit of p(b)?
9
What is the tens digit of (-3*(-144)/81 - 10)*9900/(-14)?
0
Suppose 0 = 4*c + 3*m - 5 - 20, 10 = 2*c + 2*m. Let z = 30 - c. What is the units digit of (z - -1) + (5 - 2)?
4
Suppose -62*z = 64*z - 92*z - 173026. What is the tens digit of z?
8
Let j = 55 - 50. Suppose -900 = -0*a - j*a. Let x = 433 - a. What is the hundreds digit of x?
2
Let i(r) = -42*r**3 + 94*r**2 + 578*r - 5. What is the tens digit of i(-6)?
8
Suppose 157 = -7*q + 423. What is the units digit of 12916/q - 6/(-57)?
0
Let l(r) = r**3 + 8*r**2 + 3*r - 21. Let y be l(-8). What is the hundreds digit of (-674)/(-10)*y/(-9)*1?
3
Let o(v) = -262*v - 104. Let d be o(-5). Suppose 5*t + 2060 = 6*y - y, 3*y + 3*t - d = 0. What is the hundreds digit of y?
4
Suppose -6*a = 2*j + 4409 - 40681, 90625 = 5*j + 4*a. What is the ten thousands digit of j?
1
Let y = 29870 + -11210. What is the tens digit of y?
6
Let z = 9539 + -6663. Suppose -8*v - z = -4*m - 3*v, -v = 0. What is the hundreds digit of m?
7
What is the ten thousands digit of 29621 - 25/(350/(-126))?
2
Let d = 2628 + 7021. What is the hundreds digit of d?
6
Suppose 0 = -235*p + 241*p - 2*q - 69148, -3*p - 2*q + 34595 = 0. What is the ten thousands digit of p?
1
Suppose 10*r + 3*h - 25564 = 57678, 24 = -4*h. What is the thousands digit of r?
8
What is the hundreds digit of ((-12)/11)/(-4) + (-19890114)/(-638)?
1
Let z(w) = -32*w - 29. Let x be z(7). Let j = x - -696. What is the tens digit of j?
4
Let j = 60 + -101. Let a be (8/20)/((66/(-2670))/(-11)). Let n = a + j. What is the tens digit of n?
3
Let p(i) = -i**3 + 34*i**2 + 61*i + 101. What is the tens digit of p(-19)?
7
Suppose -3*w - 2*d = -127, -2*d - 209 = -4*w - 35. What is the tens digit of ((-2)/1 - w)*(11 - 16)?
2
Let w = 5352 + -5348. Let x(j) = j**3 + 5*j**2 - 6*j. Let z be x(-6). What is the units digit of 1*(940 - z)/w?
5
Let h be 219/13 - (0 - 6/39). Suppose -4 = 4*c, 3*g + 61 = g - 5*c. Let z = h - g. What is the units digit of z?
5
Suppose 2*t = -4*g + 18, -t = g - 3 - 4. Suppose 0 = -4*j - 6 - 6, 4*j = g*k - 370. What is the hundreds digit of k?
1
Let y = -21 - -25. Let i(l) be the second derivative of 2*l**4/3 - l**3/2 + 15*l**2/2 + 43*l. What is the hundreds digit of i(y)?
1
Let q(c) = -108*c**2 + c**3 - 15*c + 108*c**2 + 2 + 29. What is the hundreds digit of q(6)?
1
Let r(h) = 47*h + 1. Let k = 413 + -411. What is the tens digit of r(k